Let y(l) = 2*l + 10. Let i be y(-10). What is the units digit of (0 - -3) + (-1 - i)?
2
Let c be (-4*12/8)/(-1). Let d = 14 + 0. Suppose -c = -5*j + d. What is the units digit of j?
4
Suppose -6*x = -x - 460. What is the units digit of x?
2
Let o be (-5 + 4)/(1/3). What is the units digit of (4 - 7)/o - -1?
2
Let b be (1 - -4)*(-3)/(-15). Let m = b - -9. What is the units digit of m?
0
Let k = 5 - -9. What is the tens digit of k?
1
Let b(m) = -m**2 + 2*m + 122. What is the hundreds digit of b(0)?
1
What is the tens digit of 1 + 5/((-5)/(-33))?
3
Let z be (-12)/(3/78*-2). Suppose 529 - z = 3*m + 5*l, -3 = 3*l. What is the units digit of m/35*10/4?
9
Let k(b) = -3*b**3 - 3*b - 3. Let c be k(-2). Suppose v - c = 4*i, -v - 2*i = -0*i - 45. What is the tens digit of v?
3
Let o(n) = 8*n**2 + 2*n - 1. Let b be o(1). Let z = b - -11. What is the tens digit of z?
2
Suppose -g - g = -3*y + 2, -2 = -y + 2*g. Let x = -22 - -36. Let b = x - y. What is the tens digit of b?
1
Let q(i) = 9*i - 3. Let r be q(2). Let d be (-2)/4 + r/6. Let w = 11 - d. What is the units digit of w?
9
Suppose 2*r - 29 = r. Let t = -13 + r. Suppose 3*a = -2*b + 8, 3*b + 3*a - t = -1. What is the units digit of b?
7
Suppose n = 3*g - 8*g + 697, 0 = 5*g - 25. What is the units digit of n/30 + (-2)/5?
2
Let z(a) = -5*a**2 - a + 1. Let p(v) = v**2 - v - 1. Let w(h) = -4*p(h) - z(h). Let o be w(-5). Suppose 7*t - 12 = o*t. What is the units digit of t?
3
Suppose -2*a + a + 3*x + 48 = 0, 2*a + 3*x = 132. Suppose 4*u + 5*k - 36 = u, 5*u + 3*k = a. What is the tens digit of u?
1
Let u be 2 + 3 + (2 - 0). Let j = u + -4. Suppose -j*w + 7 = -2*w. What is the units digit of w?
7
Let t be 4/14 + (-360)/(-14). Suppose 0*p - t = -2*p. What is the units digit of p?
3
What is the tens digit of (3 - (-78)/(-4))*-2?
3
Let a(q) = -3*q**3 - q + 2. What is the units digit of a(-2)?
8
Let i(z) = -1 + 7*z**2 + 1 - 3*z - 3 + z**3 - 7. Let q = -14 + 7. What is the tens digit of i(q)?
1
Let o(b) = -b**3 + 5*b**2 + 3. Let u be o(5). Suppose v - 14 = -6*g + u*g, 3*g = 5*v - 16. What is the units digit of g?
3
Let o be (1 + (-6)/15)*5. Suppose -3*a - 4 = x, x - 2*a - o*a - 20 = 0. What is the units digit of x?
5
Suppose -4 = 8*j - 6*j. Let k be (-1)/(-1) + (0 - -19). Let z = k + j. What is the tens digit of z?
1
Suppose 0 = -k + 2*s - 6*s + 47, k - 11 = 5*s. What is the tens digit of k?
3
Let g be (-6)/(-5)*20/6. Let t(x) = x - 2. Let f be t(g). Suppose -f*n = -n - 6. What is the units digit of n?
6
Let z(l) = l**3 - l**2 - l + 1. Let j be z(2). Suppose 0 = -5*i + 5*s + 115, -5*i + 50 = j*s - 49. What is the units digit of i?
1
Suppose 5*z + 4*p - 1877 = 0, -z - 2*p + 245 = -128. What is the tens digit of z?
7
Suppose 3*k - 52 = -5*r, k - r + 32 = 4*k. Suppose k + 18 = 3*s. What is the units digit of s?
9
Suppose v - 4 = -2*t, -5*v + 3*v + 8 = 3*t. Let d be 195/12 - (-3)/(-12). Suppose j - 2 = -c, -2*c + 3*j - j + d = t. What is the units digit of c?
5
Suppose 2*j - 3*j + 275 = 0. What is the tens digit of j?
7
Let x(c) be the second derivative of -c**5/5 + c**4/12 - c**2/2 + 3*c. Let d be x(1). What is the units digit of d/(-12) + 16/6?
3
Let q(b) = -b**3 - 5*b**2 - 2*b + 5. Let s be -2 + 3 + (-1 - 5). What is the units digit of q(s)?
5
Let c(b) = b**2 - 7*b - 3. Let n be c(8). Suppose 6*h - n = h. What is the units digit of h?
1
Let f(y) = -52*y + 5. What is the tens digit of f(-1)?
5
Let q(y) = -3*y - 2. Let b be q(-4). Suppose 0 = 2*n - v - 5, -5*n = -3*v - 5 - b. Suppose 3*u - 6*u + 30 = n. What is the units digit of u?
0
What is the units digit of 4/12*372/4?
1
Let p = 12 - 7. Suppose -3*l - p*v + v + 28 = 0, 20 = -4*v. What is the tens digit of l?
1
Let h(z) = -z**3 - 5*z**2 + 10*z + 2. What is the tens digit of h(-7)?
3
What is the units digit of 1211/13 - (-1 - (-45)/39)?
3
Let j(f) be the second derivative of -f**4/4 + f**3/3 - 2*f. Let q be j(-2). Let r = q - -23. What is the units digit of r?
7
Suppose -400 = -3*u + 65. What is the units digit of u?
5
Suppose 2*c - 4*x - 5 - 25 = 0, 60 = 4*c + 3*x. What is the units digit of c?
5
Let x be ((-2)/(-7))/(4/28). Suppose -p - 2 + 14 = -x*r, 0 = -5*p - 3*r + 60. Let h = p - 4. What is the units digit of h?
8
Let h = 30 - 14. Suppose h = -y - y. Let s = y + 9. What is the units digit of s?
1
Suppose -6*m = 2*m - 568. What is the units digit of m?
1
Suppose d + 51 = 1. Let p be d/(-6) + 8/(-24). Let u = p + -2. What is the units digit of u?
6
What is the hundreds digit of (-24)/108 - ((-3136)/18 + 0)?
1
Suppose -3 - 1 = 4*v. Let l(a) = -3*a + 1. Let f be l(v). Suppose -5*y + 28 = -y - 3*n, f*y + n - 12 = 0. What is the units digit of y?
4
Let t = -27 - -75. What is the units digit of t?
8
Let l = 18 - 8. Suppose -g - 3*m = l, -2*m + 3*m = -5. What is the units digit of g?
5
Let v(x) be the second derivative of x**4/12 + 2*x**2 - 5*x. What is the tens digit of v(3)?
1
What is the units digit of (-98)/(-1) - (2 - -2)?
4
Suppose -25 = 2*o + 17. Let u = 39 + o. Suppose 4*q - 4*i = -2*i + u, -2*i = 6. What is the units digit of q?
3
Suppose 2*t = -2*t + 8. Suppose -g - t*k = -12, 15 = 2*g + 5*k - 11. What is the units digit of g?
8
Let i(p) = -12*p - 1. Suppose k + 10 = -3*u - 1, 3*u + 15 = -3*k. Let w = u - -2. What is the units digit of i(w)?
1
Suppose 18 = 3*l + 3. What is the units digit of l?
5
Let a = 62 - -58. What is the units digit of a?
0
Suppose 5*b - 33 = -2*a, 5*b = 2*b + 5*a - 5. Suppose 10 = -b*g + 5*h, 0*h = 4*g - 2*h + 4. What is the units digit of g + 1 + (2 - -1)?
4
Let r = -35 - -51. Let q = r + -5. What is the units digit of q?
1
Let n(s) = -s**2 + 29*s - 4. What is the units digit of n(10)?
6
Let k = 177 - -22. What is the hundreds digit of k?
1
What is the tens digit of ((-65)/(-10))/(2/68)?
2
Suppose -3*m = -3*d - 180, -m = 5*d - 16 - 26. Suppose 4*c - c = -3*x + m, 2*c + 32 = 3*x. What is the units digit of x?
4
Suppose 3*g = 2*g + 20. What is the units digit of g?
0
Suppose 5*g - 176 = 4*m, 5*m - 4 = 1. What is the units digit of g?
6
Let v = 153 - -127. What is the tens digit of v?
8
Let v(p) = 2*p**2 - 3*p - 4. Let q be v(4). Suppose 3*c + q = 5*l, -2*l - 8 = 4*c - 4. What is the units digit of 9 - -1 - (c - -4)?
8
Let o = -70 + 131. What is the units digit of o?
1
Let c = 19 + -16. Suppose -c*r + 26 = j, -3*j = 2*j - r - 162. What is the tens digit of j?
3
Let c(n) = n**3 - 13*n**2 + 9*n - 12. What is the units digit of c(13)?
5
Let d = -6 + 29. Suppose -y + 62 = 5*c, y + d = 4*c - 32. What is the units digit of c?
3
Suppose 5*s = 5*k + 35, s + 7 = 4*k + 4*s. Let z = 4 + -19. What is the tens digit of -1 - k - 0 - z?
1
Suppose -4*o - 5*q + 36 = -0*q, -2*o + 28 = 5*q. Let x be o/(-6)*6/(-4). Suppose -s - 5*i = 2, 0*i + i = -x. What is the units digit of s?
3
Let l = -133 - -229. What is the tens digit of l?
9
Suppose 5*f = 4*u - 135, 1 = -2*f + 3. What is the units digit of u?
5
Let l be (20/6)/(12/18). Suppose 0 = 4*k + 2*v + 1 + 1, 5*v = -l*k - 10. What is the units digit of k?
1
Suppose -9*g + 142 = -7*g. Let x = g + -44. What is the units digit of x?
7
Let z be (1/2)/(2/(-4)). Let i(g) = g**2 + 4*g - 3. Let k be i(-4). What is the units digit of z/(-3) + (-23)/k?
8
Suppose 3*t + 5*h + 25 - 229 = 0, -3*h = 4*t - 283. What is the units digit of t?
3
Let s(b) = -b**3 - 5*b**2 - 6*b. Let q be s(-7). Suppose 7*k - 11*k = -q. What is the units digit of k?
5
Let r(y) = 3*y + 3. What is the tens digit of r(11)?
3
Suppose -3 = o, -2*q - 2*o - 2 + 0 = 0. Suppose -3*r + 29 = -q*i, -3*i + 2*i - 32 = -4*r. What is the units digit of r?
7
Let l = 7 - 6. What is the units digit of (-4 + 3)/l + 14?
3
Let r = -85 + 174. What is the tens digit of r?
8
Let m(f) = f + 1. Let l be m(-1). Suppose l = -4*j - j - 20. Let q = j - -5. What is the units digit of q?
1
Suppose -3*k + 12 = 3*q, 4*q = -q + 20. Suppose k = -0*g + g + 2. What is the units digit of 1/g - (-9)/6?
1
Let w(q) = 6*q**3 - q**2 - 2*q + 2. What is the tens digit of w(2)?
4
Let l be 1/1 - (-1 - -1). Let r be l/((-3)/15)*-1. Suppose 4*w = -5*u + 33, r*w + 2*u = 6*w + 8. What is the units digit of w?
2
Suppose 4*a = -5*q + 235, 5*a = -0*q + 3*q + 266. What is the units digit of a?
5
Let n(y) = -1 - 1 - y - 5. Let i be n(6). Let b = i + 19. What is the units digit of b?
6
Let m(z) = 2